+ 36. Let w = c + -11. What is the remainder when w is divided by 5?
1
Let v(r) = 30*r**2 - 27*r - 28. What is the remainder when 283 is divided by v(-1)?
22
Suppose 0 = -4*x - 8, 2*j = 4*x + 18 - 6. Let w be ((-15)/2)/((-11)/22). Suppose z - w = -4*z. Calculate the remainder when z is divided by j.
1
Suppose 5*t + 130 = 3*i - 1, 7*i = 5*t + 299. Let j = 6 - 4. Suppose j*a + 3*r - 18 = 0, r = 5*a - 3*r - 91. Calculate the remainder when i is divided by a.
12
Let h = -133 + 136. Suppose -h*c - c - 400 = -4*m, -5*c - 10 = 0. What is the remainder when m is divided by 9?
8
Let f be 3/9*(-24)/(-2). Suppose f*c - 4*m + 3 = m, -c = -m. Calculate the remainder when c is divided by 3.
0
Let o = -4 + 23. Let a(j) = -26*j**2 + 28*j**2 + 3*j - 3 + 5. Calculate the remainder when o is divided by a(-3).
8
Let l(c) = -c**2 + 1. Let n(p) = 2*p**2 + 5*p + 16. Let q(u) = -4*l(u) - n(u). Let m = 23 + 0. Calculate the remainder when q(7) is divided by m.
20
Let i = -24 - -29. Suppose i*m - 88 = 47. Calculate the remainder when m is divided by 10.
7
Suppose -422 = -2*z + 4*f, 11*z - 5*f - 419 = 9*z. Calculate the remainder when z is divided by 65.
22
Suppose 4*a + 4*r - 20 = 0, 13 = 2*a - a + 5*r. Suppose 2*b + b - 21 = z, z - 27 = -a*b. Let v = -1 + 6. What is the remainder when b is divided by v?
3
Suppose 4 = 4*g, 2*y - 51 = -2*g - 3*g. Suppose -57 = -2*d + 23. What is the remainder when y is divided by (d/15)/(2/6)?
7
Suppose -5*m + 4*s + 849 = 0, -339 = 2*m - 4*m + s. Calculate the remainder when m is divided by 59.
51
Suppose -2*p + 45 = -7*p. Let z = p - -16. Suppose -48 = -288*b + 284*b. What is the remainder when b is divided by z?
5
Let f = -4 - -6. Let w(l) = 11*l**2 + 1. Let z(h) = h**3 + 2*h**2 - 13*h - 12. Calculate the remainder when w(f) is divided by z(-4).
5
Let v be (9 + -10)*42/2. Calculate the remainder when 91 is divided by ((-6)/(9/3) - v) + 0.
15
Let a = -345 - -437. Calculate the remainder when a is divided by 28.
8
Suppose 119 + 121 = 10*w. Suppose 0*c - 16975 = -5*c. What is the remainder when c/49 + (-4)/14 is divided by w?
21
Let y be 54/4*34/51. Let b(o) = -o**2 + 10*o + 19. What is the remainder when 111 is divided by b(y)?
27
Suppose i + 11 = 81. What is the remainder when i is divided by 15?
10
Let w(c) = -c**2 + 11*c + 30. Let q be w(13). Suppose q*b + 2*o = 398, 2*b - 3*o - 82 = b. What is the remainder when b is divided by 25?
22
Let x(h) = -h**2 - 7*h - 4. Let v = -16 - -14. Calculate the remainder when 46/(-4)*v - 1 is divided by x(-5).
4
Let c = 241 - 200. Let z be 4/(-10) + (-44)/(-10). Let h(o) = 5*o + 2. Calculate the remainder when c is divided by h(z).
19
Suppose p - 25 = 32. Calculate the remainder when p is divided by 6.
3
Let k be (7/(-2))/(9/(-180)). Suppose -5*z = 4*v - 63, 0 = -4*v + 5*z + k + 3. Suppose -2*a + 51 - v = 0. What is the remainder when a is divided by 7?
3
Suppose 2499 = 60*b - 3381. Calculate the remainder when 370 is divided by b.
76
Let y be 118 + 2 - 1 - 3. Calculate the remainder when 4 + -6*(2 - y/12) is divided by 9.
5
Calculate the remainder when 3196 is divided by 621/18*4/(-48)*-8.
22
Let r be -163 - -1 - 27/(-9). Calculate the remainder when 21 is divided by (-6)/(72/r) - 6/(-8).
7
Let u(b) = 29*b - 93. Let r(n) = 10*n - 31. Let i(q) = -11*r(q) + 4*u(q). What is the remainder when 53 is divided by i(7)?
9
Suppose 113 = -3*c - 40. What is the remainder when c/6*12/(-2) is divided by 14?
9
Suppose -5*t + 72 + 103 = 0. Let f = t + -2. Suppose -5*h + 660 = 5*d, -261 = -4*h + 2*h - d. What is the remainder when h is divided by f?
30
Let o(b) = -28*b**2 + 4*b + 3. Let r be o(-1). Calculate the remainder when 115 is divided by 3/(3/r)*(-13)/13.
28
Let f(h) = h**3 - h**2 + 2*h. Let r be 24/21*28/8. What is the remainder when f(r) is divided by 15?
11
Let d(y) be the second derivative of -13*y**5/20 + y**3/6 + y**2 + 11*y. Calculate the remainder when 26 is divided by d(-1).
12
Let a be 20/8*8/10. Suppose 0 = a*z - 4*g - 22, -3*z + 4*g + 7 = -16. Calculate the remainder when 22 is divided by z*8*(3 + -2).
6
Suppose 3*q + q + 4*m - 284 = 0, 2*m = q - 62. Suppose 0 = -a - 2*k + 21, -4*a - 52*k = -54*k - 94. What is the remainder when q is divided by a?
22
Let w be (-4)/(-10) - (-188)/(-20). Let x(v) = v**3 + 11*v**2 + 14*v + 6. Let b = -34 + 49. What is the remainder when x(w) is divided by b?
12
Let c(g) = g**2 - 33*g + 211. Calculate the remainder when 372 is divided by c(26).
24
Let s = 202 - 143. Calculate the remainder when s is divided by 24.
11
Suppose s - 56 = -15. What is the remainder when s is divided by 7?
6
Suppose -395*z = -402*z + 266. Calculate the remainder when 128 is divided by z.
14
Suppose 0 = -2*u + 43 + 29. Let m = u - 23. Suppose 3*k - 11 - m = 0. Calculate the remainder when 21 is divided by k.
5
Suppose -4*q - 491 = -m, -3*q + 7*q + 1964 = 4*m. Calculate the remainder when m is divided by 124.
119
Suppose 0 = -4*i + 2*i + 8*x - 26, 4*x = 20. Suppose k = 4*k. Suppose k = 3*z - 71 + 17. Calculate the remainder when z is divided by i.
4
Let s = -52 + -16. Let i = s + 70. Calculate the remainder when i is divided by 1.
0
Suppose 251 - 395 = -4*q. Suppose -35 = 4*a - 111. What is the remainder when q is divided by a?
17
Suppose -4*h = -5*h + 1. Calculate the remainder when 95 is divided by 15 - (5 - (3 + h)).
11
Suppose 5*b - 85 = -3*q - 0*b, 122 = 4*q - 2*b. What is the remainder when 48 is divided by q?
18
Suppose -2*v - 5*q + 76 = 0, -2*q - 41 = -v - 6*q. Suppose -43*b + 44*b = 11. Let a(o) = 3*o - 15. What is the remainder when v is divided by a(b)?
15
Let q = 168 + -165. Suppose -3*o + 5*w + 57 + 11 = 0, o = q*w + 24. What is the remainder when o is divided by 8?
5
Calculate the remainder when 177 is divided by (-136 + 138)*1*4.
1
Let a = -686 + 707. Calculate the remainder when 37 is divided by a.
16
Let b(p) = 11*p + 7. Let l = -54 - -14. Let m = l + 54. What is the remainder when b(3) is divided by m?
12
Let o = -397 - -483. What is the remainder when o is divided by 13?
8
Suppose -8*w - 15 = 17. Let p = -9 - -19. Let r = p + w. What is the remainder when 16 is divided by r?
4
Suppose -55*k - 1690 = -81*k. What is the remainder when k is divided by 29?
7
Let h(n) = n**3 - 40*n**2 + 228*n + 120. Let k(f) = -f**3 + 7*f**2 + 8*f - 5. What is the remainder when k(6) is divided by h(33)?
16
Let i(o) = -6*o + 9. Let m(k) = -2 - 3 + 4 + k + 0*k. Let r(z) = -3*i(z) - 12*m(z). Calculate the remainder when r(10) is divided by 16.
13
Let j = -108 + 113. Suppose 0 = 2*u + 3*n - 19, -3*n = -4*u + 4 + 7. Calculate the remainder when u is divided by j.
0
Suppose 0 = -4*f + 20 - 0. Suppose -f = -2*r + 1. Calculate the remainder when 56 is divided by 39/2 + r/(-6).
18
Let i = 47 + -2. What is the remainder when 21/14 + 522/4 is divided by i?
42
Let g = 2110 + -2080. Calculate the remainder when (4/3)/((-3)/(-468)) is divided by g.
28
Let a(z) = -7*z**3 + 73*z**2 - 12*z + 11. What is the remainder when 576 is divided by a(10)?
3
Suppose -3*m = r - 48, -3*r + 83 = 4*m - 76. Let t = -31 + 35. What is the remainder when r is divided by (30/4)/(2/t)?
12
Let b(l) = -l**3 - l**2 + l - 99. Let c be b(0). Let u = c - -165. What is the remainder when u is divided by 17?
15
Suppose h = -0*h + 788. Suppose d + 4*t = 206, -2*t = 4*d + 2*t - h. Calculate the remainder when d is divided by 49.
47
Suppose -v - 20 = 4*v + 5*q, 5*v - 15 = 2*q. What is the remainder when 49 is divided by v*(-2)/(-3) - (-385)/21?
11
Suppose 5*d - 9*d + 24 = 0. Suppose h + 25 = y, -2*y - 3*h + 51 + 19 = 0. Calculate the remainder when y is divided by d.
5
Let p be (4 + -3 - 2) + 7. Let t(f) = p - 2*f - 9 - 9*f. What is the remainder when t(-3) is divided by 16?
14
Suppose 5*l = 3*o - 12 - 1, -3*l = 2*o - 15. Let k(t) = -t + 2. Let q be k(-5). Suppose 0 = o*g - q*g + 42. What is the remainder when g is divided by 11?
9
Let t(u) = -u**2 - 11*u + 5. Let i be t(-11). Calculate the remainder when (103/i)/(14/70) is divided by 26.
25
Let m = 148 - 153. What is the remainder when 68 is divided by m/(1/(-6)*3)?
8
Let b = -458 + 539. Calculate the remainder when 971 is divided by b.
80
Suppose 9 = f + 2*p, -f - p = -6*p - 44. Suppose 6*d - 288 = 2*d. Calculate the remainder when d is divided by f.
15
Let g(x) = -x**3 - 2*x + 12. 